{"id":72,"date":"2025-08-01T17:48:49","date_gmt":"2025-08-01T15:48:49","guid":{"rendered":"https:\/\/www.band-coco.ch\/?page_id=72"},"modified":"2026-04-09T15:01:12","modified_gmt":"2026-04-09T13:01:12","slug":"coco-rikiki","status":"publish","type":"page","link":"https:\/\/www.band-coco.ch\/","title":{"rendered":"Coco Rikiki"},"content":{"rendered":"\n<div class=\"wp-block-group has-global-padding is-content-justification-left is-layout-constrained wp-container-core-group-is-layout-12dd3699 wp-block-group-is-layout-constrained\">\n<p class=\"has-x-large-font-size\" style=\"line-height:1.6\">Komm mit uns ins Land, wo die Delfine fliegen, der Wolf Salat isst und alle hinderschi reden. Hier ist alles wunderbar auf den Kopf gestellt. Wir singen von verkehrten Welten, von Freundschaft, von Tr\u00e4umen (wie fliegen zu k\u00f6nnen) und von Alltagskram (wie pingeligen Tanten). Sing mit, schwing dein Tanzbein oder h\u00f6r einfach zu. Wir freuen uns auf Dich.<\/p>\n\n\n\n<p class=\"has-x-large-font-size\" style=\"line-height:1.6\">45 bis 60 Minuten f\u00fcr Gross &amp; Klein ab 4 Jahren.<\/p>\n<\/div>\n\n\n\n<p><\/p>\n","protected":false},"excerpt":{"rendered":"<p>Komm mit uns ins Land, wo die Delfine fliegen, der Wolf Salat isst und alle hinderschi reden. Hier ist alles wunderbar auf den Kopf gestellt. Wir singen von verkehrten Welten, von Freundschaft, von Tr\u00e4umen (wie fliegen zu k\u00f6nnen) und von Alltagskram (wie pingeligen Tanten). Sing mit, schwing dein Tanzbein oder h\u00f6r einfach zu. Wir freuen [&hellip;]<\/p>\n","protected":false},"author":1,"featured_media":143,"parent":0,"menu_order":0,"comment_status":"closed","ping_status":"closed","template":"","meta":{"site-container-style":"default","site-container-layout":"default","site-sidebar-layout":"default","site-transparent-header":"default","disable-article-header":"default","disable-site-header":"default","disable-site-footer":"default","disable-content-area-spacing":"default","footnotes":""},"class_list":["post-72","page","type-page","status-publish","has-post-thumbnail","hentry"],"_links":{"self":[{"href":"https:\/\/www.band-coco.ch\/index.php?rest_route=\/wp\/v2\/pages\/72","targetHints":{"allow":["GET"]}}],"collection":[{"href":"https:\/\/www.band-coco.ch\/index.php?rest_route=\/wp\/v2\/pages"}],"about":[{"href":"https:\/\/www.band-coco.ch\/index.php?rest_route=\/wp\/v2\/types\/page"}],"author":[{"embeddable":true,"href":"https:\/\/www.band-coco.ch\/index.php?rest_route=\/wp\/v2\/users\/1"}],"replies":[{"embeddable":true,"href":"https:\/\/www.band-coco.ch\/index.php?rest_route=%2Fwp%2Fv2%2Fcomments&post=72"}],"version-history":[{"count":23,"href":"https:\/\/www.band-coco.ch\/index.php?rest_route=\/wp\/v2\/pages\/72\/revisions"}],"predecessor-version":[{"id":220,"href":"https:\/\/www.band-coco.ch\/index.php?rest_route=\/wp\/v2\/pages\/72\/revisions\/220"}],"wp:featuredmedia":[{"embeddable":true,"href":"https:\/\/www.band-coco.ch\/index.php?rest_route=\/wp\/v2\/media\/143"}],"wp:attachment":[{"href":"https:\/\/www.band-coco.ch\/index.php?rest_route=%2Fwp%2Fv2%2Fmedia&parent=72"}],"curies":[{"name":"wp","href":"https:\/\/api.w.org\/{rel}","templated":true}]}}